e 2209735?
True
Does 89 divide 1764336?
True
Does 33 divide 3230931?
True
Does 9 divide 53841?
False
Is 77 a factor of 3528144?
False
Is 169830 a multiple of 74?
True
Is 268460 a multiple of 287?
False
Does 39 divide 767045?
False
Is 2129263 a multiple of 63?
False
Is 1060 a factor of 2367922?
False
Is 381 a factor of 536366?
False
Is 7394 a multiple of 158?
False
Does 238 divide 178500?
True
Does 12 divide 60048?
True
Does 13 divide 176033?
True
Is 1094928 a multiple of 8?
True
Is 437257 a multiple of 6?
False
Is 58787 a multiple of 7?
False
Is 5 a factor of 5040?
True
Is 89 a factor of 5324020?
False
Is 180533 a multiple of 63?
False
Does 184 divide 852104?
True
Does 160 divide 437798?
False
Does 34 divide 146608?
True
Is 10 a factor of 227987?
False
Does 125 divide 4475625?
True
Does 4 divide 2192?
True
Does 82 divide 93726?
True
Does 8 divide 492608?
True
Is 123 a factor of 1656578?
False
Does 7 divide 131599?
False
Is 13650 a multiple of 21?
True
Does 202 divide 51106?
True
Does 82 divide 242111?
False
Is 4693069 a multiple of 4?
False
Is 225 a factor of 403425?
True
Is 1534611 a multiple of 247?
True
Is 6 a factor of 489854?
False
Is 1703531 a multiple of 229?
True
Does 36 divide 2715350?
False
Does 7 divide 48811?
True
Is 20 a factor of 3049400?
True
Is 14 a factor of 1798048?
True
Does 27 divide 3625167?
False
Does 2473 divide 10373279?
False
Is 976 a factor of 1822512?
False
Is 62 a factor of 73432?
False
Does 7 divide 27356?
True
Is 108993 a multiple of 4?
False
Does 18 divide 4398?
False
Is 8217572 a multiple of 32?
False
Is 57 a factor of 334226?
False
Does 202 divide 10582922?
False
Does 269 divide 2066035?
False
Does 324 divide 4906332?
True
Does 232 divide 879689?
False
Is 123 a factor of 1135167?
True
Does 7 divide 6377167?
False
Is 610522 a multiple of 5?
False
Is 432 a factor of 2057150?
False
Does 4 divide 1036184?
True
Is 473097 a multiple of 32?
False
Does 147 divide 1160420?
False
Is 3211008 a multiple of 222?
True
Is 5 a factor of 20065?
True
Is 127 a factor of 8501974?
False
Does 9 divide 3774897?
True
Does 171 divide 593883?
True
Is 157 a factor of 311331?
True
Is 154920 a multiple of 60?
True
Does 28 divide 113504?
False
Is 344986 a multiple of 362?
True
Is 348 a factor of 1318920?
True
Does 17 divide 1440251?
False
Is 11224136 a multiple of 539?
True
Does 7 divide 455476?
True
Is 20 a factor of 43630?
False
Does 33 divide 112902?
False
Does 490 divide 202583?
False
Is 31 a factor of 167395?
False
Is 76314 a multiple of 36?
False
Is 46 a factor of 82584?
False
Does 31 divide 2842607?
True
Is 73837 a multiple of 33?
False
Is 593285 a multiple of 469?
True
Does 68 divide 15232136?
True
Is 767458 a multiple of 57?
False
Is 433 a factor of 24970925?
False
Is 457515 a multiple of 221?
False
Is 379094 a multiple of 14?
False
Is 193 a factor of 211914?
True
Does 73 divide 570276?
True
Does 106 divide 974519?
False
Is 178464 a multiple of 208?
True
Is 68584 a multiple of 16?
False
Does 119 divide 13090833?
True
Is 135584 a multiple of 192?
False
Is 61 a factor of 758718?
True
Is 52 a factor of 39339?
False
Is 57 a factor of 4498636?
False
Does 103 divide 154088?
True
Does 12 divide 1763159?
False
Does 56 divide 43456?
True
Is 98125 a multiple of 53?
False
Does 39 divide 238864?
False
Does 67 divide 531226?
False
Is 633296 a multiple of 5?
False
Does 4 divide 456893?
False
Is 854977 a multiple of 240?
False
Is 70 a factor of 13233241?
False
Is 3499671 a multiple of 51?
True
Is 7 a factor of 1401146?
False
Does 119 divide 171633?
False
Does 1140 divide 471098?
False
Is 1271 a factor of 7203067?
False
Does 72 divide 3487896?
True
Does 33 divide 40485?
False
Is 5 a factor of 643601?
False
Is 148429 a multiple of 6?
False
Is 33335 even?
False
Is 2 a factor of 880?
True
Is 12534524 a multiple of 1543?
False
Is 2560866 a multiple of 138?
True
Is 17 a factor of 2671839?
True
Is 1436870 a multiple of 12?
False
Does 144 divide 547344?
True
Does 17 divide 1513153?
True
Is 60 a factor of 11400749?
False
Is 37 a factor of 295963?
True
Is 17 a factor of 11834971?
False
Does 25 divide 916768?
False
Does 45 divide 3646035?
True
Is 91285 a multiple of 41?
False
Does 95 divide 15470180?
True
Does 8 divide 5643040?
True
Does 15 divide 3163790?
False
Is 442870 a multiple of 315?
False
Is 152336 a multiple of 415?
False
Is 79 a factor of 193155?
True
Is 13 a factor of 115050?
True
Is 15 a factor of 964665?
True
Is 2085567 a multiple of 33?
True
Does 145 divide 10549123?
False
Is 3011838 a multiple of 446?
True
Does 2 divide 226108?
True
Is 136625 a multiple of 25?
True
Is 37 a factor of 1140087?
False
Is 3119220 a multiple of 390?
True
Is 8 a factor of 3028624?
True
Is 9 a factor of 1888893?
True
Is 228969 a multiple of 39?
True
Does 260 divide 5593482?
False
Does 18 divide 261420?
False
Is 46260 a multiple of 9?
True
Does 4 divide 80715?
False
Is 15 a factor of 998316?
False
Does 4 divide 90672?
True
Is 428197 a multiple of 67?
True
Does 267 divide 433484?
False
Does 177 divide 73278?
True
Is 141 a factor of 4089?
True
Is 6 a factor of 6937198?
False
Is 4411028 a multiple of 97?
False
Does 2 divide 813280?
True
Does 811 divide 8040254?
True
Is 131 a factor of 519415?
True
Is 15 a factor of 265110?
True
Is 789360 a multiple of 780?
True
Does 14 divide 77882?
True
Is 152 a factor of 1656637?
False
Does 2 divide 2452?
True
Is 18444899 a multiple of 10?
False
Is 426162 a multiple of 6?
True
Does 722 divide 1446888?
True
Is 889403 a multiple of 1043?
False
Is 5451264 a multiple of 12?
True
Is 42484 even?
True
Is 163733 a multiple of 38?
False
Does 1417 divide 36193014?
True
Is 2312394 a multiple of 12?
False
Is 59 a factor of 96642?
True
Is 3640095 a multiple of 9?
True
Does 28 divide 140772?
False
Does 272 divide 139536?
True
Does 27 divide 5839?
False
Is 64 a factor of 266183?
False
Is 3707204 a multiple of 19?
True
Is 26 a factor of 898690?
True
Is 14559000 a multiple of 13?
False
Is 7 a factor of 2699690?
True
Does 138 divide 1794?
True
Is 633314 a multiple of 2?
True
Does 5 divide 51041?
False
Is 9 a factor of 52999?
False
Does 72 divide 390384?
True
Does 262 divide 427846?
True
Does 167 divide 276660?
False
Is 86 a factor of 102625?
False
Is 3515299 a multiple of 83?
True
Is 115906 a multiple of 119?
True
Does 57 divide 1218033?
True
Is 887747 a multiple of 7?
True
Does 168 divide 16632?
True
Does 30 divide 1669710?
True
Is 910933 a multiple of 106?
False
Is 6268061 a multiple of 47?
True
Does 13 divide 1201023?
False
Does 21 divide 595317?
False
Is 16 a factor of 22624?
True
Is 127 a factor of 78359?
True
Is 12 a factor of 58824?
True
Does 260 divide 936520?
True
Is 69 a factor of 3564678?
True
Does 23 divide 120337?
False
Is 10 a factor of 11894371?
False
Is 18 a factor of 4042620?
True
Does 317 divide 522099?
True
Is 393 a factor of 2958504?
True
Is 43 a factor of 458675?
False
Does 3 divide 3135?
True
Is 25585638 a multiple of 13?
True
Is 47652 a multiple of 19?
True
Is 3475169 a multiple of 331?
True
Is 412464 a multiple of 16?
True
Is 3397108 a multiple of 572?
True
Does 17 divide 23296?
False
Does 131 divide 2037705?
True
Does 62 divide 47755?
False
Is 140 a factor of 652540?
True
Does 8 divide 63479?
False
Is 3424 a multiple of 4?
True
Does 2 divide 593327?
False
Is 383666 a multiple of 8?
False
Is 169 a factor of 3609164?
True
Does 828 divide 22899419?
False
Is 1074108 a multiple of 84?
True
Is 10 a factor of 684815?
False
Does 20 divide 15476?
False
Does 2 divide 22007?
False
Is 2123970 a multiple of 37?
False
Is 226 a factor of 52668?
False
Does 34 divide 1382908?
False
Is 1008672 a multiple of 158?
True
Does 21 divide 18501?
True
Is 349800 a multiple of 25?
True
Is 47 a factor of 661008?
True
Does 223 divide 318667?
True
Does 24 divide 3177168?
True
Does 8 divide 283541?
False
Does 3 divide 149848?
False
Does 135 divide 1405620?
True
Does 419 divide 346513?
True
Is 3114816 a multiple of 63?
False
Does 16 divide 2408560?
True
Is 394 a factor of 5860342?
False
Is 1428 a multiple of 21?
True
Does 501 divide 473946?
True
Does 63 divide 284508?
True
Is 5362926 a multiple of 29?
False
Is 409512 a multiple of 348?
False
Is 23 a factor of 6028063?
False
Is 116 a factor of 225040?
True
Does 63 divide 1536444?
True
Does 120 divide 592920